{"id":3396,"date":"2026-01-22T07:33:16","date_gmt":"2026-01-22T12:33:16","guid":{"rendered":"https:\/\/gadprpapallacta.gob.ec\/napo\/?page_id=3396"},"modified":"2026-03-13T08:51:15","modified_gmt":"2026-03-13T13:51:15","slug":"rendicion-de-cuentas-2026","status":"publish","type":"page","link":"https:\/\/gadprpapallacta.gob.ec\/napo\/rendicion-de-cuentas-2026\/","title":{"rendered":"Rendici\u00f3n de Cuentas 2026"},"content":{"rendered":"<h2>Rendici\u00f3n de cuentas correspondientes al per\u00edodo fiscal 2025<\/h2>\n<div class=\"su-accordion su-u-trim\"><\/div><div class=\"su-spoiler su-spoiler-style-default su-spoiler-icon-plus su-spoiler-closed\" data-scroll-offset=\"0\" data-anchor-in-url=\"no\"><div class=\"su-spoiler-title\" tabindex=\"0\" role=\"button\"><span class=\"su-spoiler-icon\"><\/span>Fase 1<\/div><div class=\"su-spoiler-content su-u-clearfix su-u-trim\">\n<p><a href=\"https:\/\/gadprpapallacta.gob.ec\/napo\/wp-content\/uploads\/2026\/03\/Convocaroria-representantes-1-signed.pdf\">Convocaroria representantes (1)-signed<\/a><\/p>\n<\/div><\/div>\n","protected":false},"excerpt":{"rendered":"<p>Rendici\u00f3n de cuentas correspondientes al per\u00edodo fiscal 2025<\/p>\n","protected":false},"author":8,"featured_media":0,"parent":0,"menu_order":0,"comment_status":"closed","ping_status":"closed","template":"","meta":[],"class_list":["post-3396","page","type-page","status-publish","hentry","description-off"],"_links":{"self":[{"href":"https:\/\/gadprpapallacta.gob.ec\/napo\/wp-json\/wp\/v2\/pages\/3396","targetHints":{"allow":["GET"]}}],"collection":[{"href":"https:\/\/gadprpapallacta.gob.ec\/napo\/wp-json\/wp\/v2\/pages"}],"about":[{"href":"https:\/\/gadprpapallacta.gob.ec\/napo\/wp-json\/wp\/v2\/types\/page"}],"author":[{"embeddable":true,"href":"https:\/\/gadprpapallacta.gob.ec\/napo\/wp-json\/wp\/v2\/users\/8"}],"replies":[{"embeddable":true,"href":"https:\/\/gadprpapallacta.gob.ec\/napo\/wp-json\/wp\/v2\/comments?post=3396"}],"version-history":[{"count":5,"href":"https:\/\/gadprpapallacta.gob.ec\/napo\/wp-json\/wp\/v2\/pages\/3396\/revisions"}],"predecessor-version":[{"id":3564,"href":"https:\/\/gadprpapallacta.gob.ec\/napo\/wp-json\/wp\/v2\/pages\/3396\/revisions\/3564"}],"wp:attachment":[{"href":"https:\/\/gadprpapallacta.gob.ec\/napo\/wp-json\/wp\/v2\/media?parent=3396"}],"curies":[{"name":"wp","href":"https:\/\/api.w.org\/{rel}","templated":true}]}}

Rendición de Cuentas 2026

<h2>Rendición de cuentas correspondientes al período fiscal 2025</h2>
<div class="su-accordion su-u-trim"></div><div class="su-spoiler su-spoiler-style-default su-spoiler-icon-plus su-spoiler-closed" data-scroll-offset="0" data-anchor-in-url="no"><div class="su-spoiler-title" tabindex="0" role="button"><span class="su-spoiler-icon"></span>Fase 1</div><div class="su-spoiler-content su-u-clearfix su-u-trim">
<p><a href="https://gadprpapallacta.gob.ec/napo/wp-content/uploads/2026/03/Convocaroria-representantes-1-signed.pdf">Convocaroria representantes (1)-signed</a></p>
</div></div>

<p>Rendición de cuentas correspondientes al período fiscal 2025</p>
