{"id":418,"date":"2015-06-03T22:48:54","date_gmt":"2015-06-04T02:48:54","guid":{"rendered":"http:\/\/gadprpapallacta.gob.ec\/napo\/?page_id=418"},"modified":"2019-02-22T15:04:15","modified_gmt":"2019-02-22T19:04:15","slug":"documentos-2015","status":"publish","type":"page","link":"https:\/\/gadprpapallacta.gob.ec\/napo\/documentos-2015\/","title":{"rendered":"LOTAIP 2015"},"content":{"rendered":"<p><strong>Art. 7.- Difusi\u00f3n de la Informaci\u00f3n P\u00fablica.-<\/strong><\/p>\n<p style=\"text-align: justify;\">Por la transparencia en la gesti\u00f3n administrativa que est\u00e1n obligadas a observar todas las instituciones del Estado que conforman el sector p\u00fablico en los t\u00e9rminos del art\u00edculo 118 de la Constituci\u00f3n Pol\u00edtica de la Rep\u00fablica y dem\u00e1s entes se\u00f1alados en el art\u00edculo 1 de la presente Ley, difundir\u00e1n a trav\u00e9s de un portal de informaci\u00f3n o p\u00e1gina web, as\u00ed como de los medios necesarios a disposici\u00f3n del p\u00fablico, implementados en la misma instituci\u00f3n, la siguiente informaci\u00f3n m\u00ednima actualizada, que para efectos de esta Ley se la considera de naturaleza obligatoria:<\/p>\n<h1 style=\"text-align: center;\"><span style=\"color: #808000;\"><strong>2015<\/strong><\/span><\/h1>\n<hr \/>\n<h4 style=\"text-align: center;\"><span style=\"color: #000080;\"><em><strong>a1) <\/strong><\/em>Organigrama de la Institucio\u0301n<\/span><\/h4>\n<h4 style=\"text-align: center;\"><span style=\"color: #00ccff;\"><a style=\"color: #00ccff;\" href=\"http:\/\/gadprpapallacta.gob.ec\/napo\/?p=140\">\u00a0Organizaci\u00f3n Interna<\/a><\/span><\/h4>\n<hr \/>\n<h4 style=\"text-align: center;\"><span style=\"color: #000080;\"><em><strong>a2)<\/strong> <\/em>Base legal que rige a la instituci\u00f3n<\/span><\/h4>\n<h4 style=\"text-align: center;\"><span style=\"color: #00ccff;\"><a style=\"color: #00ccff;\" href=\"http:\/\/gadprpapallacta.gob.ec\/napo\/wp-content\/uploads\/2016\/03\/REGLAMENTO_LEY_SERVICIO_PUBLICO.pdf\">LOSEP\u00a0<\/a><\/span><\/h4>\n<h4 style=\"text-align: center;\"><span style=\"color: #00ccff;\"><a style=\"color: #00ccff;\" href=\"http:\/\/gadprpapallacta.gob.ec\/napo\/wp-content\/uploads\/2016\/03\/cootad_2012.pdf\">Cootad_<\/a><\/span><\/h4>\n<h4 style=\"text-align: center;\"><span style=\"color: #00ccff;\">C<a style=\"color: #00ccff;\" href=\"http:\/\/gadprpapallacta.gob.ec\/napo\/wp-content\/uploads\/2016\/03\/constitucion.pdf\">onstitucion<\/a><\/span><\/h4>\n<hr \/>\n<h4 style=\"text-align: center;\"><\/h4>\n<h4 style=\"text-align: center;\"><span style=\"color: #000080;\"><em><strong>a3) <\/strong><\/em>Regulaciones y procedimientos internos<\/span><\/h4>\n<h4 style=\"text-align: center;\"><span style=\"color: #00ccff;\"><a style=\"color: #00ccff;\" href=\"http:\/\/gadprpapallacta.gob.ec\/napo\/wp-content\/uploads\/2016\/03\/Reglamento-aprobado-en-pdf.pdf\">Reglamento\u00a0<\/a><\/span><\/h4>\n<h4 style=\"text-align: center;\"><span style=\"color: #00ccff;\"><a style=\"color: #00ccff;\" href=\"http:\/\/gadprpapallacta.gob.ec\/napo\/wp-content\/uploads\/2016\/03\/Resolucion-ok-ok.doc\">Resoluci\u00f3n\u00a0<\/a><\/span><\/h4>\n<hr \/>\n<h4 style=\"text-align: center;\"><span style=\"color: #000080;\"><em><strong>a4) <\/strong><\/em>Metas y objetivos unidades administrativas<\/span><\/h4>\n<hr \/>\n<h4 style=\"text-align: center;\"><span style=\"color: #000080;\"><em><strong>b1) <\/strong><\/em>Directorio de la institucio\u0301n<\/span><\/h4>\n<h4 style=\"text-align: center;\"><span style=\"color: #00ccff;\"><a style=\"color: #00ccff;\" href=\"http:\/\/gadprpapallacta.gob.ec\/napo\/wp-content\/uploads\/2014\/10\/Directorio.pdf\">Directorio<\/a><\/span><\/h4>\n<hr \/>\n<h4 style=\"text-align: center;\"><span style=\"color: #000080;\"><em><strong>b2) <\/strong><\/em>Distributivo de personal<\/span><\/h4>\n<h4 style=\"text-align: center;\"><span style=\"color: #00ccff;\"><a style=\"color: #00ccff;\" href=\"http:\/\/gadprpapallacta.gob.ec\/napo\/wp-content\/uploads\/2015\/06\/DISTRIBUTIVO-DE-PERSONAL.pdf\">Distributivo de personal<\/a><\/span><\/h4>\n<hr \/>\n<p>&nbsp;<\/p>\n<h4 style=\"text-align: center;\"><span style=\"color: #000080;\"><em><strong>c) <\/strong><\/em>Remuneracio\u0301n mensual por puesto<\/span><\/h4>\n<h4 style=\"text-align: center;\"><span style=\"color: #00ccff;\"><a style=\"color: #00ccff;\" href=\"http:\/\/gadprpapallacta.gob.ec\/napo\/wp-content\/uploads\/2015\/06\/REMUNERACI\u00d3N-MENSUAL.pdf\">Remuneraci\u00f3n \u00a0Mensual<\/a><\/span><\/h4>\n<hr \/>\n<p>&nbsp;<\/p>\n<h4 style=\"text-align: center;\"><span style=\"color: #000080;\"><em><strong>d)<\/strong><\/em> Servicios que ofrece y las formas de acceder a ellos<\/span><\/h4>\n<h4 style=\"text-align: center;\"><span style=\"color: #00ccff;\">S<a style=\"color: #00ccff;\" href=\"http:\/\/gadprpapallacta.gob.ec\/napo\/wp-content\/uploads\/2014\/10\/d-se.pdf\">ervicios<\/a><\/span><\/h4>\n<hr \/>\n<p>&nbsp;<\/p>\n<h4 style=\"text-align: center;\"><span style=\"color: #000080;\"><em><strong>e) <\/strong><\/em>Texto \u00edntegro de contratos colectivos vigentes<\/span><\/h4>\n<h4 style=\"text-align: center;\"><span style=\"color: #000080;\">No Aplica<\/span><\/h4>\n<hr \/>\n<p>&nbsp;<\/p>\n<h4 style=\"text-align: center;\"><span style=\"color: #000080;\"><em><strong>f1)<\/strong><\/em> Formularios o formatos de solicitudes<\/span><\/h4>\n<h4 style=\"text-align: center;\"><span style=\"color: #000080;\">No Aplica<\/span><\/h4>\n<hr \/>\n<p>&nbsp;<\/p>\n<h4 style=\"text-align: center;\"><span style=\"color: #000080;\"><em><strong>f2)<\/strong><\/em> Formulario solicitud acceso a la informaci\u00f3n p\u00fablica<\/span><\/h4>\n<h4 style=\"text-align: center;\"><span style=\"color: #000080;\">No Aplica<\/span><\/h4>\n<hr \/>\n<p>&nbsp;<\/p>\n<h4 style=\"text-align: center;\"><span style=\"color: #000080;\"><em><strong>g)<\/strong> <\/em>Presupuesto de la Instituci\u00f3n<\/span><\/h4>\n<h4 style=\"text-align: center;\"><span style=\"color: #00ccff;\"><a style=\"color: #00ccff;\" href=\"http:\/\/gadprpapallacta.gob.ec\/napo\/wp-content\/uploads\/2015\/06\/asignacionpresupuestaria2015.pdf\">Asignaci\u00f3n Presupuestaria 2015<\/a><\/span><\/h4>\n<hr \/>\n<p>&nbsp;<\/p>\n<h4 style=\"text-align: center;\"><span style=\"color: #000080;\"><em><strong>h) <\/strong><\/em>Resultados de auditorias internas y gubernamentales<\/span><\/h4>\n<h4 style=\"text-align: center;\"><span style=\"color: #000080;\">No Aplica<\/span><\/h4>\n<hr \/>\n<p>&nbsp;<\/p>\n<h4 style=\"text-align: center;\"><span style=\"color: #000080;\"><em><strong>i)<\/strong> <\/em>Procesos de contrataciones<\/span><\/h4>\n<h4 style=\"text-align: center;\"><span style=\"color: #000080;\">No Aplica<\/span><\/h4>\n<hr \/>\n<p>&nbsp;<\/p>\n<h4 style=\"text-align: center;\"><span style=\"color: #000080;\"><em><strong>j)<\/strong> <\/em>Empresas y personas que han incumplido contratos<\/span><\/h4>\n<h4 style=\"text-align: center;\"><span style=\"color: #000080;\">No Aplica<\/span><\/h4>\n<hr \/>\n<p>&nbsp;<\/p>\n<h4 style=\"text-align: center;\"><span style=\"color: #000080;\"><em><strong>k)<\/strong> <\/em>Planes y programas en ejecuci\u00f3n<\/span><\/h4>\n<hr \/>\n<p>&nbsp;<\/p>\n<h4 style=\"text-align: center;\"><span style=\"color: #000080;\"><em><strong>l)<\/strong> <\/em>Contratos de cr\u00e9dito externos o internos<\/span><\/h4>\n<h4 style=\"text-align: center;\"><span style=\"color: #000080;\">No Aplica<\/span><\/h4>\n<hr \/>\n<p>&nbsp;<\/p>\n<h4 style=\"text-align: center;\"><span style=\"color: #000080;\"><em><strong>m)<\/strong><\/em> Mecanismos de rendici\u00f3n de cuentas a la ciudadan\u00eda<\/span><\/h4>\n<h4 style=\"text-align: center;\"><span style=\"color: #00ccff;\"><a style=\"color: #00ccff;\" href=\"http:\/\/gadprpapallacta.gob.ec\/napo\/wp-content\/uploads\/2015\/06\/Invitacion.pdf\">Invitaci\u00f3n<\/a><\/span><\/h4>\n<hr \/>\n<p>&nbsp;<\/p>\n<h4 style=\"text-align: center;\"><span style=\"color: #000080;\"><em><strong>n)<\/strong><\/em> Vi\u00e1ticos, informes de trabajo y justificativos<\/span><\/h4>\n<h4 style=\"text-align: center;\"><span style=\"color: #000080;\">No aplica<\/span><\/h4>\n<hr \/>\n<p>&nbsp;<\/p>\n<h4 style=\"text-align: center;\"><span style=\"color: #000080;\"><em><strong>o)<\/strong><\/em> Responsable de atender la informaci\u00f3n p\u00fablica<\/span><\/h4>\n<p>&nbsp;<\/p>\n<hr \/>\n<p>&nbsp;<\/p>\n<h4 style=\"text-align: center;\"><span style=\"color: #800000;\">GAD Papallacta<\/span><\/h4>\n<h4 style=\"text-align: center;\"><a href=\"http:\/\/gadprpapallacta.gob.ec\/napo\/wp-content\/uploads\/2016\/03\/20160311_140602.jpg\"><img loading=\"lazy\" decoding=\"async\" class=\"alignnone wp-image-547\" src=\"http:\/\/gadprpapallacta.gob.ec\/napo\/wp-content\/uploads\/2016\/03\/20160311_140602-300x224.jpg\" alt=\"20160311_140602\" width=\"502\" height=\"374\" data-id=\"547\" \/><\/a><\/h4>\n<h4 style=\"text-align: center;\"><span style=\"color: #000080;\">Yaqueline \u00a0Elizabeth\u00a0Soto Cahuatijo<\/span><\/h4>\n<h4 style=\"text-align: center;\"><span style=\"color: #000080;\">GAD Parroquial de Papallacta &#8211; Oficina de Secretar\u00eda<\/span><\/h4>\n<hr \/>\n<p>&nbsp;<\/p>\n<h4 style=\"text-align: center;\"><em><strong>q)<\/strong> <\/em>Texto \u00edntegro de las resoluciones<\/h4>\n<hr \/>\n<p>&nbsp;<\/p>\n<h4 style=\"text-align: center;\">[\/vc_wp_text][\/vc_accordion_tab][vc_accordion_tab title=&#8221;Febrero&#8221;][vc_wp_text]<\/h4>\n","protected":false},"excerpt":{"rendered":"<p>Art. 7.- Difusi\u00f3n de la Informaci\u00f3n P\u00fablica.- Por la transparencia en la gesti\u00f3n administrativa que est\u00e1n obligadas a observar todas las instituciones del Estado que conforman el sector p\u00fablico en los t\u00e9rminos del art\u00edculo 118 de la Constituci\u00f3n Pol\u00edtica de la Rep\u00fablica y dem\u00e1s entes se\u00f1alados en el art\u00edculo 1 de la presente Ley, difundir\u00e1n&hellip;<\/p>\n","protected":false},"author":8,"featured_media":0,"parent":0,"menu_order":0,"comment_status":"closed","ping_status":"closed","template":"","meta":[],"class_list":["post-418","page","type-page","status-publish","hentry","description-off"],"_links":{"self":[{"href":"https:\/\/gadprpapallacta.gob.ec\/napo\/wp-json\/wp\/v2\/pages\/418","targetHints":{"allow":["GET"]}}],"collection":[{"href":"https:\/\/gadprpapallacta.gob.ec\/napo\/wp-json\/wp\/v2\/pages"}],"about":[{"href":"https:\/\/gadprpapallacta.gob.ec\/napo\/wp-json\/wp\/v2\/types\/page"}],"author":[{"embeddable":true,"href":"https:\/\/gadprpapallacta.gob.ec\/napo\/wp-json\/wp\/v2\/users\/8"}],"replies":[{"embeddable":true,"href":"https:\/\/gadprpapallacta.gob.ec\/napo\/wp-json\/wp\/v2\/comments?post=418"}],"version-history":[{"count":24,"href":"https:\/\/gadprpapallacta.gob.ec\/napo\/wp-json\/wp\/v2\/pages\/418\/revisions"}],"predecessor-version":[{"id":1114,"href":"https:\/\/gadprpapallacta.gob.ec\/napo\/wp-json\/wp\/v2\/pages\/418\/revisions\/1114"}],"wp:attachment":[{"href":"https:\/\/gadprpapallacta.gob.ec\/napo\/wp-json\/wp\/v2\/media?parent=418"}],"curies":[{"name":"wp","href":"https:\/\/api.w.org\/{rel}","templated":true}]}}