{"id":56,"date":"2014-10-24T10:00:34","date_gmt":"2014-10-24T14:00:34","guid":{"rendered":"http:\/\/gadprpapallacta.gob.ec\/napo\/?page_id=56"},"modified":"2019-03-12T12:23:22","modified_gmt":"2019-03-12T16:23:22","slug":"documentos-2014-2015","status":"publish","type":"page","link":"https:\/\/gadprpapallacta.gob.ec\/napo\/documentos-2014-2015\/","title":{"rendered":"Documentos 2014"},"content":{"rendered":"<p style=\"text-align: justify;\"><strong>Art. 7.- Difusi\u00f3n de la Informaci\u00f3n P\u00fablica.-<\/strong><\/p>\n<p style=\"text-align: justify;\">Por la transparencia en la gesti\u00f3n administrativa que est\u00e1n obligadas a observar todas las instituciones del Estado que conforman el sector p\u00fablico en los t\u00e9rminos del art\u00edculo 118 de la Constituci\u00f3n Pol\u00edtica de la Rep\u00fablica y dem\u00e1s entes se\u00f1alados en el art\u00edculo 1 de la presente Ley, difundir\u00e1n a trav\u00e9s de un portal de informaci\u00f3n o p\u00e1gina web, as\u00ed como de los medios necesarios a disposici\u00f3n del p\u00fablico, implementados en la misma instituci\u00f3n, la siguiente informaci\u00f3n m\u00ednima actualizada, que para efectos de esta Ley se la considera de naturaleza obligatoria:<\/p>\n<p style=\"text-align: justify;\"><strong>FORMATOS LOTAIP<\/strong><\/p>\n<p><strong>a1) Estructura Org\u00e1nica Funcional.<\/strong><\/p>\n<p><a href=\"http:\/\/gadprpapallacta.gob.ec\/napo\/wp-content\/uploads\/2014\/10\/a-Organizaci\u00f3n-Interna.pdf\">a) Organizaci\u00f3n Interna<\/a><\/p>\n<p><strong>a2) Base legal que la rige<\/strong><\/p>\n<p>Base legal que la rige, regulaciones y procedimientos internos aplicables a la entidad.<\/p>\n<p><a href=\"http:\/\/gadprpapallacta.gob.ec\/napo\/wp-content\/uploads\/2014\/10\/Reglamento.pdf\">Reglamento<\/a><\/p>\n<p><strong>a3) Regulaciones y procedimientos internos aplicables a la entidad<\/strong><\/p>\n<p><strong>a4) Metas y objetivos de las unidades administrativas de conformidad con los programas operativos<\/strong><\/p>\n<p><strong>b1) Directorio completo de la instituci\u00f3n<\/strong><\/p>\n<p>Directorio completo de la instituci\u00f3n; as\u00ed como su distributivo de personal.<\/p>\n<p><a href=\"http:\/\/gadprpapallacta.gob.ec\/napo\/wp-content\/uploads\/2014\/10\/b-Directorio.pdf\">b) Directorio<\/a><\/p>\n<p><strong>b2) Distributivo de personal<\/strong><\/p>\n<p style=\"text-align: justify;\"><strong>c) Remuneraciones<\/strong><br \/>\nRemuneraci\u00f3n mensual por puesto y todo ingreso adicional incluso el sistema de compensaci\u00f3n, seg\u00fan lo establezcan las disposiciones correspondientes.<\/p>\n<p style=\"text-align: justify;\"><a href=\"http:\/\/gadprpapallacta.gob.ec\/napo\/wp-content\/uploads\/2014\/10\/c-Remuneraciones.pdf\">c) Remuneraciones<\/a><\/p>\n<p style=\"text-align: justify;\"><strong>d) Servicios<\/strong><br \/>\nServicios que ofrece y la forma de acceder a ellos, horarios de atenci\u00f3n y dem\u00e1s indicaciones necesarias.<\/p>\n<p style=\"text-align: justify;\"><a href=\"http:\/\/gadprpapallacta.gob.ec\/napo\/wp-content\/uploads\/2014\/10\/d-se.pdf\">d) servicios<\/a><\/p>\n<p style=\"text-align: justify;\"><strong>e) Contratos Colectivos<\/strong><br \/>\nTexto integro de todos los contratos colectivos vigentes en la instituci\u00f3n, as\u00ed como sus anexos y reformas.<\/p>\n<p><strong>No aplica<\/strong><\/p>\n<p style=\"text-align: justify;\"><strong>f) Formularios para Tr\u00e1mites<\/strong><br \/>\nSe publicar\u00e1n los formularios o formatos de solicitudes que se requieran para los tr\u00e1mites inherentes a su campo de acci\u00f3n.<\/p>\n<p><strong>No aplica<\/strong><\/p>\n<p style=\"text-align: justify;\"><strong>g) Presupuesto Anual<\/strong><br \/>\nInformaci\u00f3n total sobre el presupuesto anual que administra la instituci\u00f3n, especificando ingresos, gastos, financiamiento y resultados operativos de conformidad con los clasificadores presupuestales, as\u00ed como liquidaci\u00f3n del presupuesto, especificando destinatarios de la entrega de recursos p\u00fablicos.<\/p>\n<p style=\"text-align: justify;\"><strong>h) Auditorias Internas<\/strong><br \/>\nLos resultados de las auditorias internas y gubernamentales al ejercicio presupuestal.<\/p>\n<p><strong>No aplica<\/strong><\/p>\n<p style=\"text-align: justify;\"><strong>i) Procesos de Contrataci\u00f3n<\/strong><br \/>\nInformaci\u00f3n completa y detallada sobre los procesos pree-contractuales, contractuales, de adjudicaci\u00f3n y liquidaci\u00f3n de bienes, prestaci\u00f3n de servicios, arrendamientos mercantiles, etc, celebrados por la instituci\u00f3n con personas naturales o jur\u00eddicas, incluidos concesiones permisos o autorizaciones.<\/p>\n<p><a href=\"https:\/\/www.compraspublicas.gob.ec\/ProcesoContratacion\/compras\/PC\/informacionProcesoContratacion2.cpe?idSoliCompra=dB0lQnO1xoZ0xh53QPphm5Lp7wq8q47kOKbzBfCBQc0\"><strong>https:\/\/www.compraspublicas.gob.ec\/ProcesoContratacion\/compras\/PC\/informacionProcesoContratacion2.cpe?idSoliCompra=dB0lQnO1xoZ0xh53QPphm5Lp7wq8q47kOKbzBfCBQc0<\/strong><\/a><strong>,\u00a0<\/strong><\/p>\n<p style=\"text-align: justify;\"><strong>j) Incumplimientos<\/strong><br \/>\nUn listado de las empresas que han incumplido contratos con dicha instituci\u00f3n.<\/p>\n<p><strong>No aplica<\/strong><\/p>\n<p style=\"text-align: justify;\"><strong>k) Planes y Programas<\/strong><br \/>\nPlanes y Programas de la Instituci\u00f3n en ejecuci\u00f3n.<\/p>\n<p style=\"text-align: justify;\"><a href=\"http:\/\/gadprpapallacta.gob.ec\/napo\/wp-content\/uploads\/2014\/10\/d-se.pdf\">d) se<\/a><\/p>\n<p style=\"text-align: justify;\"><strong>l) Financiamiento Interno y Externo<\/strong><br \/>\nEl detalle de los contratos de cr\u00e9dito externos o internos; se se\u00f1alar\u00e1 la fuente de los fondos con los que se pagar\u00e1n esos cr\u00e9ditos. Cuando se trate de prestamos o \u00a0contratos de financiamiento, se har\u00e1 constar, como lo prev\u00e9 la Ley Org\u00e1nica de Administraci\u00f3n Financiera y Control, Ley Org\u00e1nica de Contralor\u00eda General del Estado y la Ley Org\u00e1nica de Responsabilidad y Transparencia Fiscal, las operaciones y contratos de Cr\u00e9dito, los montos, plazo, costos financieros o tipos de inter\u00e9s.<\/p>\n<p><strong>No aplica<\/strong><\/p>\n<p style=\"text-align: justify;\"><strong>m) Rendici\u00f3n de Cuentas<\/strong><br \/>\nMecanismos de rendici\u00f3n de cuentas a la ciudadan\u00eda, tales como metas e informes de gesti\u00f2n e indicadores de desempe\u00f1o.<\/p>\n<p style=\"text-align: justify;\"><a href=\"http:\/\/gadprpapallacta.gob.ec\/napo\/wp-content\/uploads\/2014\/10\/Fotos-Rendicion-de-Cuentas.pdf\">\u00a0m) Rendicion de Cuentas<\/a><\/p>\n<p style=\"text-align: justify;\"><strong>n) Gesti\u00f3n Institucional<\/strong><br \/>\nLos vi\u00e1ticos, informes de trabajo y justificativos de movilizaci\u00f3n nacional o internacional \u00a0de las autoridades, dignatarios y funcionarios p\u00f9blicos.<\/p>\n<p style=\"text-align: justify;\"><strong>o) Responsable de la Informaci\u00f3n<\/strong><br \/>\nEl nombre, direcci\u00f3n de la oficina, apartado postal y direcci\u00f3n electr\u00f3nica del responsable de atender la informaci\u00f3n p\u00fablica de que trata esta ley.<\/p>\n<p>\u00a0Soto Cahuatijo \u00a0Yaqueline \u00a0Elizabeth \u00a0&#8211;<\/p>\n<p>GAD Parroquial de Papallacta &#8211; oficina de secretar\u00eda<\/p>\n<p><a href=\"mailto:gadpapllacta@hotmail.com\">gadpapllacta@hotmail.com<\/a><\/p>\n<p style=\"text-align: justify;\"><strong>s) Organismos Seccionales<\/strong><br \/>\nLos organismos seccionales, informar\u00e1n oportunamente a la ciudadan\u00eca de las resoluciones que adoptaren, mediante la publicaci\u00f3n de las actas de las respectivas sesiones de estos cuerpos colegiados, as\u00ed como sus planes de desarrollo local.<\/p>\n<p style=\"text-align: justify;\"><a href=\"http:\/\/gadprpapallacta.gob.ec\/napo\/wp-content\/uploads\/2014\/10\/Resolucion-de-reglamento-GAD-PAPALLACTA.pdf\">Resolucion de reglamento GAD PAPALLACTA<\/a><\/p>\n<p style=\"text-align: justify;\">\n","protected":false},"excerpt":{"rendered":"<p>Art. 7.- Difusi\u00f3n de la Informaci\u00f3n P\u00fablica.- Por la transparencia en la gesti\u00f3n administrativa que est\u00e1n obligadas a observar todas las instituciones del Estado que conforman el sector p\u00fablico en los t\u00e9rminos del art\u00edculo 118 de la Constituci\u00f3n Pol\u00edtica de la Rep\u00fablica y dem\u00e1s entes se\u00f1alados en el art\u00edculo 1 de la presente Ley, difundir\u00e1n&hellip;<\/p>\n","protected":false},"author":8,"featured_media":0,"parent":0,"menu_order":0,"comment_status":"closed","ping_status":"closed","template":"","meta":[],"class_list":["post-56","page","type-page","status-publish","hentry","description-off"],"_links":{"self":[{"href":"https:\/\/gadprpapallacta.gob.ec\/napo\/wp-json\/wp\/v2\/pages\/56","targetHints":{"allow":["GET"]}}],"collection":[{"href":"https:\/\/gadprpapallacta.gob.ec\/napo\/wp-json\/wp\/v2\/pages"}],"about":[{"href":"https:\/\/gadprpapallacta.gob.ec\/napo\/wp-json\/wp\/v2\/types\/page"}],"author":[{"embeddable":true,"href":"https:\/\/gadprpapallacta.gob.ec\/napo\/wp-json\/wp\/v2\/users\/8"}],"replies":[{"embeddable":true,"href":"https:\/\/gadprpapallacta.gob.ec\/napo\/wp-json\/wp\/v2\/comments?post=56"}],"version-history":[{"count":9,"href":"https:\/\/gadprpapallacta.gob.ec\/napo\/wp-json\/wp\/v2\/pages\/56\/revisions"}],"predecessor-version":[{"id":544,"href":"https:\/\/gadprpapallacta.gob.ec\/napo\/wp-json\/wp\/v2\/pages\/56\/revisions\/544"}],"wp:attachment":[{"href":"https:\/\/gadprpapallacta.gob.ec\/napo\/wp-json\/wp\/v2\/media?parent=56"}],"curies":[{"name":"wp","href":"https:\/\/api.w.org\/{rel}","templated":true}]}}